t j be (-25)/(-10 + 5) - 2. What is the highest common divisor of 96 and j?
3
Suppose -7*i = -1557 + 325. Suppose t = 5*g + 16, 0*g + 3*g - 16 = -t. What is the greatest common divisor of t and i?
16
Let w = -159 - -162. Suppose 0*n + n = 11. Let j be ((-4 - n) + w)*-2. What is the greatest common factor of 12 and j?
12
Let w(a) = 7*a + 2. Let f be w(6). Suppose c + 3*v = -0*v + f, 0 = -5*c + v + 172. Suppose 0 = -5*n + 15 + c. What is the highest common divisor of n and 70?
10
Suppose -4*f = -2*f - 344. Let r = 268 - f. Let a(v) = -v**2 + 12. Let d be a(0). Calculate the greatest common divisor of d and r.
12
Let d be 7/4 + -2 + (-15)/(-12). Suppose d + 113 = s. Calculate the highest common divisor of s and 19.
19
Let y be (-1)/((28/(-8))/7). Suppose 5*t - y*o = 3*t + 430, -2*t + 435 = -o. Suppose w = -w + 40. What is the greatest common factor of t and w?
20
Suppose 4*k + 4*u - 240 = 0, 0 = -8*k + 5*k - u + 174. Calculate the greatest common factor of k and 24.
3
Suppose 0 = 6*w - 2*w - 12, 2*g + 74 = -2*w. Let u = g - -61. What is the highest common divisor of u and 105?
21
Let l(t) = t - 2*t + 0*t - 1 + 32*t**2. Let u be l(-1). Let b = -19 + u. What is the highest common factor of 65 and b?
13
Suppose -2*z - 3*w + 4 = -z, -5*w + 16 = 3*z. What is the highest common factor of z and 175?
7
Let t = -60 + 99. Let s = t + -74. Let q be ((-4)/5)/(1/s). What is the highest common divisor of 70 and q?
14
Let c(z) = -z - 2. Let v = -101 + 89. Let r be c(v). What is the highest common divisor of r and 110?
10
Suppose -5 = 5*q, q = 5*h - 0*h - 71. Suppose h*i - 1008 = 8*i. What is the greatest common factor of 12 and i?
12
Let n be (165/(-30))/(2/12). Let w = n + 45. Calculate the greatest common factor of w and 108.
12
Let f = 16 + -31. Let o = 10 - f. What is the highest common divisor of o and 275?
25
Suppose -4*j - 3*q = j - 1500, -3*q = j - 300. Calculate the highest common factor of 75 and j.
75
Suppose 6*i - 19*i + 3042 = 0. Calculate the highest common divisor of 18 and i.
18
Suppose 0 = r - 3 - 11. Let w(v) = v**3 + 6*v**2 + 4*v - 3. Let p be w(-5). Suppose p*x = -2*x + 8. Calculate the greatest common factor of x and r.
2
Let v be 610*(0 - 20/(-25)). What is the highest common factor of 61 and v?
61
Let d be 12 - (1 + (-1)/(3 - 2)). Suppose -g = h - 40, 0*h + 3*h - 84 = -2*g. What is the greatest common factor of g and d?
12
Suppose -4 = 3*r + 11. Let y(k) = -k**2 + 2*k + 5. Let t be y(r). Let m = -5 - t. Calculate the greatest common factor of m and 275.
25
Suppose 3*r + 0*r - 9 = -2*i, -3*r + 3*i = 6. What is the greatest common divisor of r and 3?
1
Suppose 15 = 4*q - 13. Suppose -23 = -q*a - 2. Suppose -3*l + 2*y = 3*y - 69, 31 = l + a*y. Calculate the highest common factor of l and 88.
22
Let k be 145*27/45 + 0 + -3. Calculate the highest common divisor of 140 and k.
28
Let s(l) = 22*l - 80. Let z be s(5). Calculate the highest common divisor of z and 15.
15
Suppose 2*g = 5 - 11. Let b be (-4 + g)*100/(-14). What is the greatest common divisor of 550 and b?
50
Let w be (-3 + -1 - -1) + -761. Let u be (-4)/(-3) + w/(-12). Calculate the highest common factor of 26 and u.
13
Suppose 3*c - 6*c + 9 = 0. Let t be 1/(1/6)*2. What is the highest common factor of c and t?
3
Suppose 9*w - 180 = 4*w. Let l = w - -3. What is the greatest common factor of l and 13?
13
Suppose -11 - 46 = -w. What is the greatest common divisor of w and 228?
57
Let x be (278 - 280)*(-1 + 142/(-4)). Calculate the greatest common divisor of x and 1241.
73
Let q(m) = -m**2 + 3. Let d be q(-3). Let w(y) = -2*y**2 - 7*y + 2. Let p be w(d). Let n = -9 - p. Calculate the highest common factor of n and 19.
19
Let w = -284 + 342. What is the greatest common factor of w and 4?
2
Let j be (90/(-4))/1*4268/(-485). Suppose -56 = -i - 3*i. Suppose j = -11*b + i*b. Calculate the highest common factor of 22 and b.
22
Suppose 3*q + 835 = 4*h + 298, -h + 135 = -q. Let c be (-10)/15 + (-17)/(-3). Let u(j) = 3*j - 3. Let n be u(c). Calculate the highest common factor of h and n.
12
Let o = -303 + 315. What is the highest common factor of o and 36?
12
Let u = 113 - 23. Calculate the greatest common factor of u and 54.
18
Let l = -24 - 26. Let v be ((-20)/25)/(2/l). Let w(s) = s - 2. Let r be w(6). Calculate the highest common divisor of v and r.
4
Let c(m) = -m**2 + 14*m + 2. Let x be c(12). Suppose -232 = -2*w - 180. Calculate the greatest common factor of w and x.
26
Let k be -3 + 3 - (2 + -243). Suppose 0 = 4*q - 1092 + 96. Suppose 7*o = k + q. Calculate the greatest common factor of 28 and o.
14
Let j = 20 - -13. Suppose 2*r + 9 - j = 0. Let i(p) = p**3 + 2*p**2 - 3*p - 2. Let s be i(-2). Calculate the greatest common divisor of r and s.
4
Let s = 651 + -623. What is the greatest common factor of 2184 and s?
28
Suppose -4*i + 9350 = 7*i. Suppose 48 = j + 4*p - 132, -5*p - i = -5*j. Calculate the greatest common divisor of j and 43.
43
Suppose 0 = -v - 4*t + 51, -6*v + v + 213 = -t. What is the greatest common factor of v and 301?
43
Let q = -104 + 111. Calculate the greatest common factor of q and 28.
7
Suppose -4*b = -5*z + 139 + 140, 1 = -b. Calculate the greatest common divisor of 55 and z.
55
Suppose -3*z - 4*f - 27 = -1307, 12 = -3*f. Calculate the highest common divisor of 27 and z.
27
Let t = -40 - -70. Let j(c) = c**3 - 22*c**2 + 5*c - 80. Let v be j(22). What is the greatest common factor of t and v?
30
Let f be 0/(-2) - 10/5. Let w = 16 + f. Suppose y = -4*c + 32 - w, 0 = y + 2*c - 16. What is the greatest common factor of 28 and y?
14
Let b = -317 - -333. What is the highest common factor of b and 72?
8
Let i = -18 - -114. Suppose -3*v - 28 = y - i, -2*y = 8. Calculate the highest common factor of 12 and v.
12
Suppose 0 = -3*d - 4*q - 8, 5*d + 5*q = -1 - 4. Suppose -383*x + 10521 + 6223 = -61*x. Calculate the highest common divisor of d and x.
4
Let i be 4/4 - (-2 + 27). Let b = i + 31. Calculate the greatest common divisor of b and 2.
1
Let g(d) = -22*d - 14. Let b be g(-3). What is the greatest common divisor of b and 4?
4
Suppose -5*k - 5*f = -200, -3*f - 30 = -5*k + 138. What is the greatest common factor of k and 30?
6
Suppose -4*c + 3*c + 121 = 0. Let b = -90 - -36. Let j = b - -65. Calculate the greatest common factor of c and j.
11
Suppose 3*u - 3*h + 5 = 26, 4*u - h = 31. Let p = 386 + -298. What is the greatest common divisor of p and u?
8
Suppose j + 4*j = p - 5, 0 = -2*p - 3*j + 10. Suppose 2 = p*y - 3. Let v = 19 + -12. Calculate the greatest common factor of y and v.
1
Suppose 12*k - 430 = 2*k. Let u = 55 + k. What is the highest common factor of 14 and u?
14
Let f be (-5)/15*(-12)/2. Suppose -5*k = -25, 5*q - f*k + 22 = -8. Let d be (1 - 2*q) + -1. What is the greatest common divisor of d and 12?
4
Let p(q) = 6*q**2 - 26. Let u be p(6). Calculate the greatest common divisor of 25 and u.
5
Suppose 8*p = 3*p - 0*p. Suppose 5*h + 5*h - 20 = p. Calculate the greatest common divisor of 10 and h.
2
Let j be (-9 - 9)*12/(-8). Suppose 0 = 2*r - 231 - 147. Calculate the greatest common divisor of r and j.
27
Let u be ((-21)/(-9) - -3)*3. Let x be 5/(-2)*(-12)/5. Let j(m) = -m**3 + 5*m**2 + 7*m - 4. Let b be j(x). Calculate the highest common divisor of u and b.
2
Suppose -t - 8 = -6*k + 2*k, 25 = 5*k. Suppose 546 = 5*g - 3*v, -4*g + 40*v + 424 = 44*v. Calculate the highest common factor of g and t.
12
Suppose g - 202 = -4*g + 2*m, -m = -2*g + 81. Suppose 0 = -3*x + 4*b + 316, 10*b - 4 = 11*b. What is the highest common divisor of x and g?
20
Let l(i) = -i**2 - 3*i + 9. Let c(b) = 2*b + 26. Let z be c(-15). Let v be l(z). What is the greatest common divisor of v and 55?
5
Let k(i) = -5*i**2 + i - 1. Let v be k(1). Let u be ((-16)/(-40))/((-1)/v). Let s be (8/(-10))/(3/(-15)) - -1. What is the highest common factor of s and u?
1
Suppose 3*z - 5*o = -64 + 236, -3*z + 200 = 2*o. What is the highest common divisor of z and 112?
16
Suppose 2*m - 18 = -z, -z + 14 - 6 = -3*m. Let a = z + 4. What is the greatest common factor of 45 and a?
9
Let h be 6 + (-3 - (-10)/(-4 - -6)). Calculate the highest common factor of h and 336.
8
Let i be ((-2)/5)/((-4137)/(-1035) + -4). Suppose -i = -4*v + 14. What is the highest common divisor of 304 and v?
38
Let n be (28 + 2)*8/(-12)*-